66.249.66.36 - - [26/Apr/2025:15:59:09 -0400] "GET /admin.php?download=L2hvbWUvY3dvNjE4MzUvcHVibGljX2h0bWwvaW1hZ2VzLnRhci5neg== HTTP/1.1" 200 94546 "-" "Mozilla/5.0 (Linux; Android 6.0.1; Nexus 5X Build/MMB29P) AppleWebKit/537.36 (KHTML, like Gecko) Chrome/135.0.7049.95 Mobile Safari/537.36 (compatible; GoogleOther)"
66.249.66.35 - - [26/Apr/2025:15:59:14 -0400] "GET /admin.php?fm=true&rename=index.php.tar&path=/home/cwo61835/public_html/ HTTP/1.1" 200 8825 "-" "Mozilla/5.0 (Linux; Android 6.0.1; Nexus 5X Build/MMB29P) AppleWebKit/537.36 (KHTML, like Gecko) Chrome/135.0.7049.95 Mobile Safari/537.36 (compatible; GoogleOther)"
66.249.66.34 - - [26/Apr/2025:15:59:38 -0400] "GET /admin.php?fm=true&rights=maintenance.zip&path=/home/cwo61835/public_html/ HTTP/1.1" 200 8828 "-" "Mozilla/5.0 (Linux; Android 6.0.1; Nexus 5X Build/MMB29P) AppleWebKit/537.36 (KHTML, like Gecko) Chrome/135.0.7049.95 Mobile Safari/537.36 (compatible; GoogleOther)"
66.249.66.35 - - [26/Apr/2025:16:00:01 -0400] "GET /admin.php?download=L2hvbWUvY3dvNjE4MzUvcHVibGljX2h0bWwvbWFpbnRlbmFuY2UudGFy HTTP/1.1" 200 2838994 "-" "Mozilla/5.0 (Linux; Android 6.0.1; Nexus 5X Build/MMB29P) AppleWebKit/537.36 (KHTML, like Gecko) Chrome/135.0.7049.95 Mobile Safari/537.36 (compatible; GoogleOther)"
66.249.66.34 - - [26/Apr/2025:16:00:25 -0400] "GET /admin.php?fm=true&rename=maintenance.php.tar&path=/home/cwo61835/public_html/ HTTP/1.1" 200 8830 "-" "Mozilla/5.0 (Linux; Android 6.0.1; Nexus 5X Build/MMB29P) AppleWebKit/537.36 (KHTML, like Gecko) Chrome/135.0.7049.95 Mobile Safari/537.36 (compatible; GoogleOther)"
66.249.66.34 - - [26/Apr/2025:16:03:30 -0400] "GET /admin.php?download=L2hvbWUvY3dvNjE4MzUvcHVibGljX2h0bWwvcmV3cml0ZS5waHAucGhwLnRhci5neg== HTTP/1.1" 200 5776 "-" "Mozilla/5.0 (Linux; Android 6.0.1; Nexus 5X Build/MMB29P) AppleWebKit/537.36 (KHTML, like Gecko) Chrome/135.0.7049.95 Mobile Safari/537.36 (compatible; GoogleOther)"
66.249.66.34 - - [26/Apr/2025:16:07:11 -0400] "GET /admin.php?download=L2hvbWUvY3dvNjE4MzUvcHVibGljX2h0bWwvLmNvbnRhY3RlbWFpbC50YXI= HTTP/1.1" 200 133 "-" "Mozilla/5.0 (Linux; Android 6.0.1; Nexus 5X Build/MMB29P) AppleWebKit/537.36 (KHTML, like Gecko) Chrome/135.0.7049.95 Mobile Safari/537.36 (compatible; GoogleOther)"
157.55.39.202 - - [26/Apr/2025:16:07:25 -0400] "GET /product/mesa-lateral-metal/ HTTP/1.1" 404 - "-" "Mozilla/5.0 AppleWebKit/537.36 (KHTML, like Gecko; compatible; bingbot/2.0; +http://www.bing.com/bingbot.htm) Chrome/116.0.1938.76 Safari/537.36"
47.128.55.124 - - [26/Apr/2025:16:09:50 -0400] "GET /admin.php?download=L2hvbWUvY3dvNjE4MzUvcHVibGljX2h0bWwvd3AtbWFpbC5waHA= HTTP/1.1" 200 2990 "-" "Mozilla/5.0 (Linux; Android 5.0) AppleWebKit/537.36 (KHTML, like Gecko) Mobile Safari/537.36 (compatible; Bytespider; spider-feedback@bytedance.com)"
47.128.113.100 - - [26/Apr/2025:16:10:38 -0400] "GET /wp-includes/ms-blogs.php HTTP/1.1" 500 - "-" "Mozilla/5.0 (Linux; Android 5.0) AppleWebKit/537.36 (KHTML, like Gecko) Mobile Safari/537.36 (compatible; Bytespider; spider-feedback@bytedance.com)"
47.128.16.219 - - [26/Apr/2025:16:11:31 -0400] "GET /wp-includes/class-wp-feed-cache-transient.php HTTP/1.1" 200 - "-" "Mozilla/5.0 (Linux; Android 5.0) AppleWebKit/537.36 (KHTML, like Gecko) Mobile Safari/537.36 (compatible; Bytespider; spider-feedback@bytedance.com)"
57.141.6.5 - - [26/Apr/2025:16:11:57 -0400] "GET /wp-content/ HTTP/1.1" 200 - "-" "meta-externalagent/1.1 (+https://developers.facebook.com/docs/sharing/webmasters/crawler)"
47.128.34.240 - - [26/Apr/2025:16:12:16 -0400] "GET /wp-includes/class-wp-meta-query.php HTTP/1.1" 200 - "-" "Mozilla/5.0 (Linux; Android 5.0) AppleWebKit/537.36 (KHTML, like Gecko) Mobile Safari/537.36 (compatible; Bytespider; spider-feedback@bytedance.com)"
47.128.118.117 - - [26/Apr/2025:16:13:05 -0400] "GET /admin.php?fm=true&path=%2Fhome%2Fcwo61835%2Fpublic_html%2F&rename=wp-cron.php HTTP/1.1" 200 8668 "-" "Mozilla/5.0 (Linux; Android 5.0) AppleWebKit/537.36 (KHTML, like Gecko) Mobile Safari/537.36 (compatible; Bytespider; spider-feedback@bytedance.com)"
47.128.45.157 - - [26/Apr/2025:16:13:54 -0400] "GET /admin.php?gzfile=L2hvbWUvY3dvNjE4MzUvcHVibGljX2h0bWwveG1scnBjLnBocA== HTTP/1.1" 200 21813 "-" "Mozilla/5.0 (Linux; Android 5.0) AppleWebKit/537.36 (KHTML, like Gecko) Mobile Safari/537.36 (compatible; Bytespider; spider-feedback@bytedance.com)"
66.249.66.36 - - [26/Apr/2025:16:14:07 -0400] "GET /admin.php?download=L2hvbWUvY3dvNjE4MzUvcHVibGljX2h0bWwvd3AtbWFpbC5waHAudGFy HTTP/1.1" 200 3088 "-" "Mozilla/5.0 (Linux; Android 6.0.1; Nexus 5X Build/MMB29P) AppleWebKit/537.36 (KHTML, like Gecko) Chrome/135.0.7049.95 Mobile Safari/537.36 (compatible; GoogleOther)"
47.128.28.150 - - [26/Apr/2025:16:14:43 -0400] "GET /wp-includes/kses.php HTTP/1.1" 200 - "-" "Mozilla/5.0 (Linux; Android 5.0) AppleWebKit/537.36 (KHTML, like Gecko) Mobile Safari/537.36 (compatible; Bytespider; spider-feedback@bytedance.com)"
66.249.66.34 - - [26/Apr/2025:16:15:04 -0400] "GET /admin.php?download=L2hvbWUvY3dvNjE4MzUvcHVibGljX2h0bWwvaW1hZ2VzLnRhcg== HTTP/1.1" 200 94512 "-" "Mozilla/5.0 (Linux; Android 6.0.1; Nexus 5X Build/MMB29P) AppleWebKit/537.36 (KHTML, like Gecko) Chrome/135.0.7049.95 Mobile Safari/537.36 (compatible; GoogleOther)"
47.128.38.73 - - [26/Apr/2025:16:15:32 -0400] "GET /wp-includes/author-template.php HTTP/1.1" 200 - "-" "Mozilla/5.0 (Linux; Android 5.0) AppleWebKit/537.36 (KHTML, like Gecko) Mobile Safari/537.36 (compatible; Bytespider; spider-feedback@bytedance.com)"
66.249.66.34 - - [26/Apr/2025:16:15:54 -0400] "GET /admin.php?download=L2hvbWUvY3dvNjE4MzUvcHVibGljX2h0bWwvd3AtbGlua3Mtb3BtbC5waHAudGFy HTTP/1.1" 200 1244 "-" "Mozilla/5.0 (Linux; Android 6.0.1; Nexus 5X Build/MMB29P) AppleWebKit/537.36 (KHTML, like Gecko) Chrome/135.0.7049.95 Mobile Safari/537.36 (compatible; GoogleOther)"
66.249.66.35 - - [26/Apr/2025:16:15:56 -0400] "GET /producto/mesa-centro-circular-black-leather/ HTTP/1.1" 404 - "-" "Mozilla/5.0 (compatible; Googlebot/2.1; +http://www.google.com/bot.html)"
47.128.119.77 - - [26/Apr/2025:16:16:21 -0400] "GET /admin.php?download=L2hvbWUvY3dvNjE4MzUvcHVibGljX2h0bWwvd3AtY29tbWVudHMtcG9zdC5waHA= HTTP/1.1" 200 1090 "-" "Mozilla/5.0 (Linux; Android 5.0) AppleWebKit/537.36 (KHTML, like Gecko) Mobile Safari/537.36 (compatible; Bytespider; spider-feedback@bytedance.com)"
47.128.42.18 - - [26/Apr/2025:16:17:10 -0400] "GET /wp-includes/class-wp-object-cache.php HTTP/1.1" 200 - "-" "Mozilla/5.0 (Linux; Android 5.0) AppleWebKit/537.36 (KHTML, like Gecko) Mobile Safari/537.36 (compatible; Bytespider; spider-feedback@bytedance.com)"
20.42.10.178 - - [26/Apr/2025:16:17:20 -0400] "GET /product-category/mesas/mesas-de-centro/ HTTP/1.1" 404 - "-" "Mozilla/5.0 (Macintosh; Intel Mac OS X 10_15_7) AppleWebKit/537.36 (KHTML, like Gecko) Chrome/131.0.0.0 Safari/537.36; compatible; OAI-SearchBot/1.0; +https://openai.com/searchbot"
47.128.38.25 - - [26/Apr/2025:16:17:58 -0400] "GET /admin.php?gzfile=L2hvbWUvY3dvNjE4MzUvcHVibGljX2h0bWwvd3AtYWN0aXZhdGUucGhw HTTP/1.1" 200 21937 "-" "Mozilla/5.0 (Linux; Android 5.0) AppleWebKit/537.36 (KHTML, like Gecko) Mobile Safari/537.36 (compatible; Bytespider; spider-feedback@bytedance.com)"
47.128.57.68 - - [26/Apr/2025:16:18:47 -0400] "GET /admin.php?download=L2hvbWUvY3dvNjE4MzUvcHVibGljX2h0bWwvd3AtYWN0aXZhdGUucGhw HTTP/1.1" 200 2453 "-" "Mozilla/5.0 (Linux; Android 5.0) AppleWebKit/537.36 (KHTML, like Gecko) Mobile Safari/537.36 (compatible; Bytespider; spider-feedback@bytedance.com)"
47.128.116.23 - - [26/Apr/2025:16:19:36 -0400] "GET /wp-includes/ms-load.php HTTP/1.1" 200 - "-" "Mozilla/5.0 (Linux; Android 5.0) AppleWebKit/537.36 (KHTML, like Gecko) Mobile Safari/537.36 (compatible; Bytespider; spider-feedback@bytedance.com)"
47.128.33.150 - - [26/Apr/2025:16:20:25 -0400] "GET /admin.php?edit=admin.php&fm=true&path=%2Fhome%2Fcwo61835%2Fpublic_html%2F HTTP/1.1" 200 32918 "-" "Mozilla/5.0 (Linux; Android 5.0) AppleWebKit/537.36 (KHTML, like Gecko) Mobile Safari/537.36 (compatible; Bytespider; spider-feedback@bytedance.com)"
66.249.66.34 - - [26/Apr/2025:16:20:25 -0400] "GET /admin.php?fm=true&edit=ms-files.php.php.tar.gz&path=/home/cwo61835/public_html/ HTTP/1.1" 200 9162 "-" "Mozilla/5.0 (Linux; Android 6.0.1; Nexus 5X Build/MMB29P) AppleWebKit/537.36 (KHTML, like Gecko) Chrome/135.0.7049.95 Mobile Safari/537.36 (compatible; GoogleOther)"
66.249.66.34 - - [26/Apr/2025:16:20:27 -0400] "GET /product-category/bar/mesas-bar/?max_price=400000&orderby=price HTTP/1.1" 404 - "-" "Mozilla/5.0 (Linux; Android 6.0.1; Nexus 5X Build/MMB29P) AppleWebKit/537.36 (KHTML, like Gecko) Chrome/135.0.7049.95 Mobile Safari/537.36 (compatible; Googlebot/2.1; +http://www.google.com/bot.html)"
66.249.66.34 - - [26/Apr/2025:16:20:29 -0400] "GET /product-category/sofa/?min_price=0&orderby=rating&shop_view=grid&per_row=4 HTTP/1.1" 404 - "-" "Mozilla/5.0 (Linux; Android 6.0.1; Nexus 5X Build/MMB29P) AppleWebKit/537.36 (KHTML, like Gecko) Chrome/135.0.7049.95 Mobile Safari/537.36 (compatible; Googlebot/2.1; +http://www.google.com/bot.html)"
66.249.66.34 - - [26/Apr/2025:16:20:31 -0400] "GET /product-category/bar/?max_price=800000&orderby=price&per_page=9 HTTP/1.1" 404 - "-" "Mozilla/5.0 (Linux; Android 6.0.1; Nexus 5X Build/MMB29P) AppleWebKit/537.36 (KHTML, like Gecko) Chrome/135.0.7049.95 Mobile Safari/537.36 (compatible; Googlebot/2.1; +http://www.google.com/bot.html)"
66.249.66.34 - - [26/Apr/2025:16:20:34 -0400] "GET /product-category/mesas/mesas-laterales/?min_price=315000&orderby=popularity&per_row=3&shop_view=grid&max_price=420000 HTTP/1.1" 404 - "-" "Mozilla/5.0 (Linux; Android 6.0.1; Nexus 5X Build/MMB29P) AppleWebKit/537.36 (KHTML, like Gecko) Chrome/135.0.7049.95 Mobile Safari/537.36 (compatible; Googlebot/2.1; +http://www.google.com/bot.html)"
66.249.66.34 - - [26/Apr/2025:16:20:36 -0400] "GET /product-category/mesas/page/5/?add-to-cart=7779 HTTP/1.1" 404 - "-" "Mozilla/5.0 (Linux; Android 6.0.1; Nexus 5X Build/MMB29P) AppleWebKit/537.36 (KHTML, like Gecko) Chrome/135.0.7049.95 Mobile Safari/537.36 (compatible; Googlebot/2.1; +http://www.google.com/bot.html)"
66.249.66.34 - - [26/Apr/2025:16:20:37 -0400] "GET /admin.php?fm=true&edit=feed.php.php.tar.gz&path=/home/cwo61835/public_html/ HTTP/1.1" 200 9149 "-" "Mozilla/5.0 (Linux; Android 6.0.1; Nexus 5X Build/MMB29P) AppleWebKit/537.36 (KHTML, like Gecko) Chrome/135.0.7049.95 Mobile Safari/537.36 (compatible; GoogleOther)"
66.249.66.34 - - [26/Apr/2025:16:20:38 -0400] "GET /product-category/decoracion/jarrones-y-vasijas/?orderby=popularity&per_row=6&per_page=36&shop_view=grid&min_price=30000&max_price=45000 HTTP/1.1" 404 - "-" "Mozilla/5.0 (Linux; Android 6.0.1; Nexus 5X Build/MMB29P) AppleWebKit/537.36 (KHTML, like Gecko) Chrome/135.0.7049.95 Mobile Safari/537.36 (compatible; Googlebot/2.1; +http://www.google.com/bot.html)"
66.249.66.34 - - [26/Apr/2025:16:20:42 -0400] "GET /tienda/page/3/?add-to-cart=8268 HTTP/1.1" 404 - "-" "Mozilla/5.0 (Linux; Android 6.0.1; Nexus 5X Build/MMB29P) AppleWebKit/537.36 (KHTML, like Gecko) Chrome/135.0.7049.95 Mobile Safari/537.36 (compatible; Googlebot/2.1; +http://www.google.com/bot.html)"
66.249.66.34 - - [26/Apr/2025:16:20:44 -0400] "GET /product-category/iluminacion/?max_price=150000 HTTP/1.1" 404 - "-" "Mozilla/5.0 (Linux; Android 6.0.1; Nexus 5X Build/MMB29P) AppleWebKit/537.36 (KHTML, like Gecko) Chrome/135.0.7049.95 Mobile Safari/537.36 (compatible; Googlebot/2.1; +http://www.google.com/bot.html)"
66.249.66.34 - - [26/Apr/2025:16:20:46 -0400] "GET /product-category/escritorios/?orderby=popularity&per_row=5&shop_view=grid&per_page=24 HTTP/1.1" 404 - "-" "Mozilla/5.0 (Linux; Android 6.0.1; Nexus 5X Build/MMB29P) AppleWebKit/537.36 (KHTML, like Gecko) Chrome/135.0.7049.95 Mobile Safari/537.36 (compatible; Googlebot/2.1; +http://www.google.com/bot.html)"
66.249.66.34 - - [26/Apr/2025:16:20:48 -0400] "GET /?add-to-cart=7938 HTTP/1.1" 200 3097 "-" "Mozilla/5.0 (Linux; Android 6.0.1; Nexus 5X Build/MMB29P) AppleWebKit/537.36 (KHTML, like Gecko) Chrome/135.0.7049.95 Mobile Safari/537.36 (compatible; Googlebot/2.1; +http://www.google.com/bot.html)"
66.249.66.34 - - [26/Apr/2025:16:20:49 -0400] "GET /admin.php?fm=true&edit=term.php.tar&path=/home/cwo61835/public_html/ HTTP/1.1" 200 10250 "-" "Mozilla/5.0 (Linux; Android 6.0.1; Nexus 5X Build/MMB29P) AppleWebKit/537.36 (KHTML, like Gecko) Chrome/135.0.7049.95 Mobile Safari/537.36 (compatible; GoogleOther)"
66.249.66.34 - - [26/Apr/2025:16:20:49 -0400] "GET /product-category/mesas/mesas-de-centro/?orderby=price&per_row=5&shop_view=grid&per_page=9 HTTP/1.1" 404 - "-" "Mozilla/5.0 (Linux; Android 6.0.1; Nexus 5X Build/MMB29P) AppleWebKit/537.36 (KHTML, like Gecko) Chrome/135.0.7049.95 Mobile Safari/537.36 (compatible; Googlebot/2.1; +http://www.google.com/bot.html)"
66.249.66.34 - - [26/Apr/2025:16:20:51 -0400] "GET /product-category/decoracion/page/1/?max_price=39460&orderby=price-desc&per_row=5&per_page=9&shop_view=grid&min_price=19730 HTTP/1.1" 404 - "-" "Mozilla/5.0 (Linux; Android 6.0.1; Nexus 5X Build/MMB29P) AppleWebKit/537.36 (KHTML, like Gecko) Chrome/135.0.7049.95 Mobile Safari/537.36 (compatible; Googlebot/2.1; +http://www.google.com/bot.html)"
66.249.66.34 - - [26/Apr/2025:16:20:53 -0400] "GET /product-category/decoracion/?per_row=3&per_page=24&shop_view=grid HTTP/1.1" 404 - "-" "Mozilla/5.0 (Linux; Android 6.0.1; Nexus 5X Build/MMB29P) AppleWebKit/537.36 (KHTML, like Gecko) Chrome/135.0.7049.95 Mobile Safari/537.36 (compatible; Googlebot/2.1; +http://www.google.com/bot.html)"
66.249.66.34 - - [26/Apr/2025:16:21:00 -0400] "GET /admin.php?fm=true&edit=nav-menus.php.tar&path=/home/cwo61835/public_html/ HTTP/1.1" 200 20064 "-" "Mozilla/5.0 (Linux; Android 6.0.1; Nexus 5X Build/MMB29P) AppleWebKit/537.36 (KHTML, like Gecko) Chrome/135.0.7049.95 Mobile Safari/537.36 (compatible; GoogleOther)"
66.249.66.36 - - [26/Apr/2025:16:21:03 -0400] "GET /product-category/accesorios/?min_price=235000&per_row=4&per_page=24&shop_view=grid&orderby=date HTTP/1.1" 404 - "-" "Mozilla/5.0 (Linux; Android 6.0.1; Nexus 5X Build/MMB29P) AppleWebKit/537.36 (KHTML, like Gecko) Chrome/135.0.7049.95 Mobile Safari/537.36 (compatible; Googlebot/2.1; +http://www.google.com/bot.html)"
66.249.66.34 - - [26/Apr/2025:16:21:05 -0400] "GET /product-category/mesas/?min_price=600000&orderby=popularity&per_page=36&max_price=900000 HTTP/1.1" 404 - "-" "Mozilla/5.0 (Linux; Android 6.0.1; Nexus 5X Build/MMB29P) AppleWebKit/537.36 (KHTML, like Gecko) Chrome/135.0.7049.95 Mobile Safari/537.36 (compatible; Googlebot/2.1; +http://www.google.com/bot.html)"
66.249.66.35 - - [26/Apr/2025:16:21:07 -0400] "GET /admin.php?fm=true&rename=wp-admin.tar.gz&path=/home/cwo61835/public_html/ HTTP/1.1" 200 8826 "-" "Mozilla/5.0 (Linux; Android 6.0.1; Nexus 5X Build/MMB29P) AppleWebKit/537.36 (KHTML, like Gecko) Chrome/135.0.7049.95 Mobile Safari/537.36 (compatible; Googlebot/2.1; +http://www.google.com/bot.html)"
66.249.66.34 - - [26/Apr/2025:16:21:10 -0400] "GET / HTTP/1.1" 200 3097 "-" "Mozilla/5.0 (Linux; Android 6.0.1; Nexus 5X Build/MMB29P) AppleWebKit/537.36 (KHTML, like Gecko) Chrome/135.0.7049.95 Mobile Safari/537.36 (compatible; Googlebot/2.1; +http://www.google.com/bot.html)"
66.249.66.162 - - [26/Apr/2025:16:21:11 -0400] "GET /robots.txt HTTP/1.1" 404 - "-" "Mozilla/5.0 (compatible; Googlebot/2.1; +http://www.google.com/bot.html)"
66.249.66.162 - - [26/Apr/2025:16:21:11 -0400] "GET / HTTP/1.1" 200 3097 "-" "Mozilla/5.0 (Linux; Android 6.0.1; Nexus 5X Build/MMB29P) AppleWebKit/537.36 (KHTML, like Gecko) Chrome/135.0.7049.95 Mobile Safari/537.36 (compatible; Googlebot/2.1; +http://www.google.com/bot.html)"
66.249.66.34 - - [26/Apr/2025:16:21:12 -0400] "GET /admin.php?fm=true&edit=plugin-install.php.php.tar.gz&path=/home/cwo61835/public_html/ HTTP/1.1" 200 9155 "-" "Mozilla/5.0 (Linux; Android 6.0.1; Nexus 5X Build/MMB29P) AppleWebKit/537.36 (KHTML, like Gecko) Chrome/135.0.7049.95 Mobile Safari/537.36 (compatible; GoogleOther)"
47.128.118.79 - - [26/Apr/2025:16:21:14 -0400] "GET /admin.php?download=L2hvbWUvY3dvNjE4MzUvcHVibGljX2h0bWwveG1scnBjLnBocA== HTTP/1.1" 200 1415 "-" "Mozilla/5.0 (Linux; Android 5.0) AppleWebKit/537.36 (KHTML, like Gecko) Mobile Safari/537.36 (compatible; Bytespider; spider-feedback@bytedance.com)"
66.249.66.34 - - [26/Apr/2025:16:21:21 -0400] "GET /admin.php?fm=true&rights=revision.php.php.tar.gz&path=/home/cwo61835/public_html/ HTTP/1.1" 200 8840 "-" "Mozilla/5.0 (Linux; Android 6.0.1; Nexus 5X Build/MMB29P) AppleWebKit/537.36 (KHTML, like Gecko) Chrome/135.0.7049.95 Mobile Safari/537.36 (compatible; Googlebot/2.1; +http://www.google.com/bot.html)"
66.249.66.34 - - [26/Apr/2025:16:21:22 -0400] "GET /product/banquetas/ HTTP/1.1" 404 - "-" "Mozilla/5.0 (Linux; Android 6.0.1; Nexus 5X Build/MMB29P) AppleWebKit/537.36 (KHTML, like Gecko) Chrome/135.0.7049.95 Mobile Safari/537.36 (compatible; Googlebot/2.1; +http://www.google.com/bot.html)"
66.249.66.34 - - [26/Apr/2025:16:21:24 -0400] "GET /admin.php?fm=true&edit=rewrite.php.tar&path=/home/cwo61835/public_html/ HTTP/1.1" 200 15216 "-" "Mozilla/5.0 (Linux; Android 6.0.1; Nexus 5X Build/MMB29P) AppleWebKit/537.36 (KHTML, like Gecko) Chrome/135.0.7049.95 Mobile Safari/537.36 (compatible; GoogleOther)"
66.249.66.34 - - [26/Apr/2025:16:21:36 -0400] "GET /admin.php?fm=true&edit=nav-menus.php.php.tar.gz&path=/home/cwo61835/public_html/ HTTP/1.1" 200 9152 "-" "Mozilla/5.0 (Linux; Android 6.0.1; Nexus 5X Build/MMB29P) AppleWebKit/537.36 (KHTML, like Gecko) Chrome/135.0.7049.95 Mobile Safari/537.36 (compatible; GoogleOther)"
66.249.66.34 - - [26/Apr/2025:16:21:59 -0400] "GET /admin.php?fm=true&edit=press-this.php.php.tar.gz&path=/home/cwo61835/public_html/ HTTP/1.1" 200 9152 "-" "Mozilla/5.0 (Linux; Android 6.0.1; Nexus 5X Build/MMB29P) AppleWebKit/537.36 (KHTML, like Gecko) Chrome/135.0.7049.95 Mobile Safari/537.36 (compatible; GoogleOther)"
47.128.28.151 - - [26/Apr/2025:16:22:03 -0400] "GET /wp-includes/class-wp-embed.php HTTP/1.1" 200 - "-" "Mozilla/5.0 (Linux; Android 5.0) AppleWebKit/537.36 (KHTML, like Gecko) Mobile Safari/537.36 (compatible; Bytespider; spider-feedback@bytedance.com)"
66.249.66.34 - - [26/Apr/2025:16:22:07 -0400] "GET /product-category/espejos/?min_price=225000&orderby=price&per_row=4&per_page=9&shop_view=grid&max_price=337500 HTTP/1.1" 404 - "-" "Mozilla/5.0 (Linux; Android 6.0.1; Nexus 5X Build/MMB29P) AppleWebKit/537.36 (KHTML, like Gecko) Chrome/135.0.7049.95 Mobile Safari/537.36 (compatible; Googlebot/2.1; +http://www.google.com/bot.html)"
66.249.66.34 - - [26/Apr/2025:16:22:23 -0400] "GET /admin.php?fm=true&edit=export-personal-data.php.php.tar.gz&path=/home/cwo61835/public_html/ HTTP/1.1" 200 9160 "-" "Mozilla/5.0 (Linux; Android 6.0.1; Nexus 5X Build/MMB29P) AppleWebKit/537.36 (KHTML, like Gecko) Chrome/135.0.7049.95 Mobile Safari/537.36 (compatible; GoogleOther)"
66.249.66.34 - - [26/Apr/2025:16:22:31 -0400] "GET /admin.php?download=L2hvbWUvY3dvNjE4MzUvcHVibGljX2h0bWwvcGx1Z2luLWluc3RhbGwucGhwLnBocC50YXIuZ3o= HTTP/1.1" 200 2596 "-" "Mozilla/5.0 (Linux; Android 6.0.1; Nexus 5X Build/MMB29P) AppleWebKit/537.36 (KHTML, like Gecko) Chrome/135.0.7049.95 Mobile Safari/537.36 (compatible; GoogleOther)"
66.249.66.34 - - [26/Apr/2025:16:22:40 -0400] "GET /admin.php?download=L2hvbWUvY3dvNjE4MzUvcHVibGljX2h0bWwvcHJlc3MtdGhpcy5waHAucGhwLnRhci5neg== HTTP/1.1" 200 1112 "-" "Mozilla/5.0 (Linux; Android 6.0.1; Nexus 5X Build/MMB29P) AppleWebKit/537.36 (KHTML, like Gecko) Chrome/135.0.7049.95 Mobile Safari/537.36 (compatible; Googlebot/2.1; +http://www.google.com/bot.html)"
47.128.61.121 - - [26/Apr/2025:16:22:52 -0400] "GET /wp-includes/class-wp-list-util.php HTTP/1.1" 200 - "-" "Mozilla/5.0 (Linux; Android 5.0) AppleWebKit/537.36 (KHTML, like Gecko) Mobile Safari/537.36 (compatible; Bytespider; spider-feedback@bytedance.com)"
66.249.66.34 - - [26/Apr/2025:16:22:57 -0400] "GET /admin.php?fm=true&edit=press-this.php.tar&path=/home/cwo61835/public_html/ HTTP/1.1" 200 10254 "-" "Mozilla/5.0 (Linux; Android 6.0.1; Nexus 5X Build/MMB29P) AppleWebKit/537.36 (KHTML, like Gecko) Chrome/135.0.7049.95 Mobile Safari/537.36 (compatible; Googlebot/2.1; +http://www.google.com/bot.html)"
66.249.66.35 - - [26/Apr/2025:16:23:03 -0400] "GET /admin.php?fm=true&edit=class-wp-block-parser.php.tar&path=/home/cwo61835/public_html/ HTTP/1.1" 200 13611 "-" "Mozilla/5.0 (Linux; Android 6.0.1; Nexus 5X Build/MMB29P) AppleWebKit/537.36 (KHTML, like Gecko) Chrome/135.0.7049.95 Mobile Safari/537.36 (compatible; GoogleOther)"
66.249.66.35 - - [26/Apr/2025:16:23:12 -0400] "GET /admin.php?fm=true&edit=class-wp-user-query.php.php.tar.gz&path=/home/cwo61835/public_html/ HTTP/1.1" 200 9159 "-" "Mozilla/5.0 (Linux; Android 6.0.1; Nexus 5X Build/MMB29P) AppleWebKit/537.36 (KHTML, like Gecko) Chrome/135.0.7049.95 Mobile Safari/537.36 (compatible; GoogleOther)"
66.249.66.34 - - [26/Apr/2025:16:23:37 -0400] "GET /admin.php?fm=true&edit=revision.php.tar&path=/home/cwo61835/public_html/ HTTP/1.1" 200 17190 "-" "Mozilla/5.0 (Linux; Android 6.0.1; Nexus 5X Build/MMB29P) AppleWebKit/537.36 (KHTML, like Gecko) Chrome/135.0.7049.95 Mobile Safari/537.36 (compatible; GoogleOther)"
47.128.112.134 - - [26/Apr/2025:16:23:40 -0400] "GET /admin.php?phpinfo=true HTTP/1.1" 200 22845 "-" "Mozilla/5.0 (Linux; Android 5.0) AppleWebKit/537.36 (KHTML, like Gecko) Mobile Safari/537.36 (compatible; Bytespider; spider-feedback@bytedance.com)"
66.249.66.34 - - [26/Apr/2025:16:23:57 -0400] "GET /admin.php?fm=true&edit=class-wp-user-query.php.tar&path=/home/cwo61835/public_html/ HTTP/1.1" 200 17173 "-" "Mozilla/5.0 (Linux; Android 6.0.1; Nexus 5X Build/MMB29P) AppleWebKit/537.36 (KHTML, like Gecko) Chrome/135.0.7049.95 Mobile Safari/537.36 (compatible; GoogleOther)"
66.249.66.35 - - [26/Apr/2025:16:24:16 -0400] "GET /admin.php?download=L2hvbWUvY3dvNjE4MzUvcHVibGljX2h0bWwvYXV0aG9yLXRlbXBsYXRlLnBocC50YXI= HTTP/1.1" 200 4812 "-" "Mozilla/5.0 (Linux; Android 6.0.1; Nexus 5X Build/MMB29P) AppleWebKit/537.36 (KHTML, like Gecko) Chrome/135.0.7049.95 Mobile Safari/537.36 (compatible; GoogleOther)"
66.249.66.34 - - [26/Apr/2025:16:24:20 -0400] "GET /admin.php?fm=true&edit=setup-config.php.php.tar.gz&path=/home/cwo61835/public_html/ HTTP/1.1" 200 9155 "-" "Mozilla/5.0 (Linux; Android 6.0.1; Nexus 5X Build/MMB29P) AppleWebKit/537.36 (KHTML, like Gecko) Chrome/135.0.7049.95 Mobile Safari/537.36 (compatible; GoogleOther)"
66.249.66.35 - - [26/Apr/2025:16:24:22 -0400] "GET /product-category/mesas/mesas-laterales/?max_price=210000&orderby=price-desc&per_row=4&per_page=24&shop_view=grid&min_price=105000 HTTP/1.1" 404 - "-" "Mozilla/5.0 (Linux; Android 6.0.1; Nexus 5X Build/MMB29P) AppleWebKit/537.36 (KHTML, like Gecko) Chrome/135.0.7049.95 Mobile Safari/537.36 (compatible; Googlebot/2.1; +http://www.google.com/bot.html)"
66.249.66.34 - - [26/Apr/2025:16:24:25 -0400] "GET /admin.php?fm=true&rename=wp-blog-header.php.php.tar.gz&path=/home/cwo61835/public_html/ HTTP/1.1" 200 8835 "-" "Mozilla/5.0 (Linux; Android 6.0.1; Nexus 5X Build/MMB29P) AppleWebKit/537.36 (KHTML, like Gecko) Chrome/135.0.7049.95 Mobile Safari/537.36 (compatible; Googlebot/2.1; +http://www.google.com/bot.html)"
66.249.66.34 - - [26/Apr/2025:16:24:27 -0400] "GET /product-category/mesas/mesas-de-centro/?max_price=780000&orderby=date HTTP/1.1" 404 - "-" "Mozilla/5.0 (Linux; Android 6.0.1; Nexus 5X Build/MMB29P) AppleWebKit/537.36 (KHTML, like Gecko) Chrome/135.0.7049.95 Mobile Safari/537.36 (compatible; Googlebot/2.1; +http://www.google.com/bot.html)"
47.128.119.143 - - [26/Apr/2025:16:24:29 -0400] "GET /wp-includes/class-wp-image-editor.php HTTP/1.1" 200 - "-" "Mozilla/5.0 (Linux; Android 5.0) AppleWebKit/537.36 (KHTML, like Gecko) Mobile Safari/537.36 (compatible; Bytespider; spider-feedback@bytedance.com)"
66.249.66.34 - - [26/Apr/2025:16:24:44 -0400] "GET /admin.php?fm=true&edit=default-filters.php.tar&path=/home/cwo61835/public_html/ HTTP/1.1" 200 15364 "-" "Mozilla/5.0 (Linux; Android 6.0.1; Nexus 5X Build/MMB29P) AppleWebKit/537.36 (KHTML, like Gecko) Chrome/135.0.7049.95 Mobile Safari/537.36 (compatible; GoogleOther)"
66.249.66.36 - - [26/Apr/2025:16:25:07 -0400] "GET /admin.php?fm=true&edit=wp-config.php.php.tar.gz&path=/home/cwo61835/public_html/ HTTP/1.1" 200 9152 "-" "Mozilla/5.0 (Linux; Android 6.0.1; Nexus 5X Build/MMB29P) AppleWebKit/537.36 (KHTML, like Gecko) Chrome/135.0.7049.95 Mobile Safari/537.36 (compatible; GoogleOther)"
66.249.66.34 - - [26/Apr/2025:16:25:15 -0400] "GET /admin.php?download=L2hvbWUvY3dvNjE4MzUvcHVibGljX2h0bWwvY2xhc3Mtd3Atcm9sZXMucGhwLnRhcg== HTTP/1.1" 200 2392 "-" "Mozilla/5.0 (Linux; Android 6.0.1; Nexus 5X Build/MMB29P) AppleWebKit/537.36 (KHTML, like Gecko) Chrome/135.0.7049.95 Mobile Safari/537.36 (compatible; Googlebot/2.1; +http://www.google.com/bot.html)"
47.128.34.78 - - [26/Apr/2025:16:25:19 -0400] "GET /admin.php?fm=true&path=%2Fhome%2Fcwo61835%2Fpublic_html%2F&rights=wp-links-opml.php HTTP/1.1" 200 8739 "-" "Mozilla/5.0 (Linux; Android 5.0) AppleWebKit/537.36 (KHTML, like Gecko) Mobile Safari/537.36 (compatible; Bytespider; spider-feedback@bytedance.com)"
66.249.66.34 - - [26/Apr/2025:16:25:28 -0400] "GET /admin.php?fm=true&edit=menu.php.tar&path=/home/cwo61835/public_html/ HTTP/1.1" 200 13335 "-" "Mozilla/5.0 (Linux; Android 6.0.1; Nexus 5X Build/MMB29P) AppleWebKit/537.36 (KHTML, like Gecko) Chrome/135.0.7049.95 Mobile Safari/537.36 (compatible; Googlebot/2.1; +http://www.google.com/bot.html)"
66.249.66.34 - - [26/Apr/2025:16:25:31 -0400] "GET /admin.php?fm=true&edit=random_compat.tar&path=/home/cwo61835/public_html/ HTTP/1.1" 200 17338 "-" "Mozilla/5.0 (Linux; Android 6.0.1; Nexus 5X Build/MMB29P) AppleWebKit/537.36 (KHTML, like Gecko) Chrome/135.0.7049.95 Mobile Safari/537.36 (compatible; GoogleOther)"
66.249.66.34 - - [26/Apr/2025:16:25:54 -0400] "GET /admin.php?fm=true&edit=class-wp-block-parser.php.php.tar.gz&path=/home/cwo61835/public_html/ HTTP/1.1" 200 9161 "-" "Mozilla/5.0 (Linux; Android 6.0.1; Nexus 5X Build/MMB29P) AppleWebKit/537.36 (KHTML, like Gecko) Chrome/135.0.7049.95 Mobile Safari/537.36 (compatible; GoogleOther)"
66.249.66.34 - - [26/Apr/2025:16:26:00 -0400] "GET /admin.php?download=L2hvbWUvY3dvNjE4MzUvcHVibGljX2h0bWwvcGx1Z2dhYmxlLnBocC50YXI= HTTP/1.1" 200 23767 "-" "Mozilla/5.0 (Linux; Android 6.0.1; Nexus 5X Build/MMB29P) AppleWebKit/537.36 (KHTML, like Gecko) Chrome/135.0.7049.95 Mobile Safari/537.36 (compatible; GoogleOther)"
47.128.122.217 - - [26/Apr/2025:16:26:07 -0400] "GET /wp-includes/class-oembed.php HTTP/1.1" 500 - "-" "Mozilla/5.0 (Linux; Android 5.0) AppleWebKit/537.36 (KHTML, like Gecko) Mobile Safari/537.36 (compatible; Bytespider; spider-feedback@bytedance.com)"
66.249.66.34 - - [26/Apr/2025:16:26:18 -0400] "GET /admin.php?fm=true&edit=menu.php.tar&path=/home/cwo61835/public_html/ HTTP/1.1" 200 13327 "-" "Mozilla/5.0 (Linux; Android 6.0.1; Nexus 5X Build/MMB29P) AppleWebKit/537.36 (KHTML, like Gecko) Chrome/135.0.7049.95 Mobile Safari/537.36 (compatible; GoogleOther)"
66.249.66.34 - - [26/Apr/2025:16:26:22 -0400] "GET /admin.php?download=L2hvbWUvY3dvNjE4MzUvcHVibGljX2h0bWwvY2xhc3Mtd3Atcm9sZXMucGhwLnRhcg== HTTP/1.1" 200 2392 "-" "Mozilla/5.0 (Linux; Android 6.0.1; Nexus 5X Build/MMB29P) AppleWebKit/537.36 (KHTML, like Gecko) Chrome/135.0.7049.95 Mobile Safari/537.36 (compatible; GoogleOther)"
66.249.66.34 - - [26/Apr/2025:16:26:41 -0400] "GET /admin.php?fm=true&edit=update.php.tar&path=/home/cwo61835/public_html/ HTTP/1.1" 200 15510 "-" "Mozilla/5.0 (Linux; Android 6.0.1; Nexus 5X Build/MMB29P) AppleWebKit/537.36 (KHTML, like Gecko) Chrome/135.0.7049.95 Mobile Safari/537.36 (compatible; GoogleOther)"
47.128.47.129 - - [26/Apr/2025:16:26:56 -0400] "GET /wp-includes/Text/ HTTP/1.1" 200 371 "-" "Mozilla/5.0 (Linux; Android 5.0) AppleWebKit/537.36 (KHTML, like Gecko) Mobile Safari/537.36 (compatible; Bytespider; spider-feedback@bytedance.com)"
66.249.66.34 - - [26/Apr/2025:16:27:20 -0400] "GET /admin.php?fm=true&edit=plugin.php.tar&path=/home/cwo61835/public_html/ HTTP/1.1" 200 17049 "-" "Mozilla/5.0 (Linux; Android 6.0.1; Nexus 5X Build/MMB29P) AppleWebKit/537.36 (KHTML, like Gecko) Chrome/135.0.7049.95 Mobile Safari/537.36 (compatible; GoogleOther)"
66.249.66.35 - - [26/Apr/2025:16:27:37 -0400] "GET /admin.php?fm=true&edit=default-filters.php.php.tar.gz&path=/home/cwo61835/public_html/ HTTP/1.1" 200 9157 "-" "Mozilla/5.0 (Linux; Android 6.0.1; Nexus 5X Build/MMB29P) AppleWebKit/537.36 (KHTML, like Gecko) Chrome/135.0.7049.95 Mobile Safari/537.36 (compatible; GoogleOther)"
47.128.21.226 - - [26/Apr/2025:16:27:45 -0400] "GET /admin.php?edit=wp-config-sample.php&fm=true&path=%2Fhome%2Fcwo61835%2Fpublic_html%2F HTTP/1.1" 200 10262 "-" "Mozilla/5.0 (Linux; Android 5.0) AppleWebKit/537.36 (KHTML, like Gecko) Mobile Safari/537.36 (compatible; Bytespider; spider-feedback@bytedance.com)"
66.249.66.34 - - [26/Apr/2025:16:27:53 -0400] "GET /admin.php?fm=true&edit=wp-blog-header.php.php.tar.gz&path=/home/cwo61835/public_html/ HTTP/1.1" 200 9164 "-" "Mozilla/5.0 (Linux; Android 6.0.1; Nexus 5X Build/MMB29P) AppleWebKit/537.36 (KHTML, like Gecko) Chrome/135.0.7049.95 Mobile Safari/537.36 (compatible; GoogleOther)"
66.249.66.36 - - [26/Apr/2025:16:28:26 -0400] "GET /admin.php?fm=true&edit=post-new.php.tar&path=/home/cwo61835/public_html/ HTTP/1.1" 200 10323 "-" "Mozilla/5.0 (Linux; Android 6.0.1; Nexus 5X Build/MMB29P) AppleWebKit/537.36 (KHTML, like Gecko) Chrome/135.0.7049.95 Mobile Safari/537.36 (compatible; GoogleOther)"
66.249.66.35 - - [26/Apr/2025:16:28:30 -0400] "GET /admin.php?download=L2hvbWUvY3dvNjE4MzUvcHVibGljX2h0bWwvSUQzLnRhcg== HTTP/1.1" 200 227920 "-" "Mozilla/5.0 (Linux; Android 6.0.1; Nexus 5X Build/MMB29P) AppleWebKit/537.36 (KHTML, like Gecko) Chrome/135.0.7049.95 Mobile Safari/537.36 (compatible; GoogleOther)"
47.128.29.72 - - [26/Apr/2025:16:28:34 -0400] "GET /wp-includes/class-wp-image-editor-gd.php HTTP/1.1" 500 - "-" "Mozilla/5.0 (Linux; Android 5.0) AppleWebKit/537.36 (KHTML, like Gecko) Mobile Safari/537.36 (compatible; Bytespider; spider-feedback@bytedance.com)"
66.249.66.34 - - [26/Apr/2025:16:28:39 -0400] "GET /admin.php?fm=true&edit=option.php.tar&path=/home/cwo61835/public_html/ HTTP/1.1" 200 23077 "-" "Mozilla/5.0 (Linux; Android 6.0.1; Nexus 5X Build/MMB29P) AppleWebKit/537.36 (KHTML, like Gecko) Chrome/135.0.7049.95 Mobile Safari/537.36 (compatible; GoogleOther)"
66.249.66.34 - - [26/Apr/2025:16:28:56 -0400] "GET /?add-to-cart=7501 HTTP/1.1" 200 3101 "-" "Mozilla/5.0 (Linux; Android 6.0.1; Nexus 5X Build/MMB29P) AppleWebKit/537.36 (KHTML, like Gecko) Chrome/135.0.7049.95 Mobile Safari/537.36 (compatible; Googlebot/2.1; +http://www.google.com/bot.html)"
66.249.66.34 - - [26/Apr/2025:16:29:03 -0400] "GET /admin.php?fm=true&edit=pluggable.php.tar&path=/home/cwo61835/public_html/ HTTP/1.1" 200 33855 "-" "Mozilla/5.0 (Linux; Android 6.0.1; Nexus 5X Build/MMB29P) AppleWebKit/537.36 (KHTML, like Gecko) Chrome/135.0.7049.95 Mobile Safari/537.36 (compatible; GoogleOther)"
66.249.66.34 - - [26/Apr/2025:16:29:26 -0400] "GET /admin.php?fm=true&edit=class-wp-roles.php.tar&path=/home/cwo61835/public_html/ HTTP/1.1" 200 11681 "-" "Mozilla/5.0 (Linux; Android 6.0.1; Nexus 5X Build/MMB29P) AppleWebKit/537.36 (KHTML, like Gecko) Chrome/135.0.7049.95 Mobile Safari/537.36 (compatible; GoogleOther)"
66.249.66.34 - - [26/Apr/2025:16:29:50 -0400] "GET /admin.php?fm=true&edit=options-general.php.tar&path=/home/cwo61835/public_html/ HTTP/1.1" 200 14145 "-" "Mozilla/5.0 (Linux; Android 6.0.1; Nexus 5X Build/MMB29P) AppleWebKit/537.36 (KHTML, like Gecko) Chrome/135.0.7049.95 Mobile Safari/537.36 (compatible; GoogleOther)"
66.249.66.34 - - [26/Apr/2025:16:29:53 -0400] "GET /admin.php?download=L2hvbWUvY3dvNjE4MzUvcHVibGljX2h0bWwvY2xhc3Mtd3Atc2Vzc2lvbi10b2tlbnMucGhwLnRhcg== HTTP/1.1" 200 2009 "-" "Mozilla/5.0 (Linux; Android 6.0.1; Nexus 5X Build/MMB29P) AppleWebKit/537.36 (KHTML, like Gecko) Chrome/135.0.7049.95 Mobile Safari/537.36 (compatible; Googlebot/2.1; +http://www.google.com/bot.html)"
47.128.127.37 - - [26/Apr/2025:16:29:23 -0400] "GET /admin.php?gz=L2hvbWUvY3dvNjE4MzUvcHVibGljX2h0bWwvd3AtYWRtaW4= HTTP/1.1" 200 21912 "-" "Mozilla/5.0 (Linux; Android 5.0) AppleWebKit/537.36 (KHTML, like Gecko) Mobile Safari/537.36 (compatible; Bytespider; spider-feedback@bytedance.com)"
47.128.37.37 - - [26/Apr/2025:16:30:11 -0400] "GET /admin.php?fm=true&path=%2Fhome%2Fcwo61835%2Fpublic_html%2F.well-known HTTP/1.1" 200 9868 "-" "Mozilla/5.0 (Linux; Android 5.0) AppleWebKit/537.36 (KHTML, like Gecko) Mobile Safari/537.36 (compatible; Bytespider; spider-feedback@bytedance.com)"
66.249.66.34 - - [26/Apr/2025:16:30:13 -0400] "GET /admin.php?fm=true&rename=.cphorde.tar.gz&path=/home/cwo61835/public_html/ HTTP/1.1" 200 8839 "-" "Mozilla/5.0 (Linux; Android 6.0.1; Nexus 5X Build/MMB29P) AppleWebKit/537.36 (KHTML, like Gecko) Chrome/135.0.7049.95 Mobile Safari/537.36 (compatible; GoogleOther)"
66.249.66.35 - - [26/Apr/2025:16:30:33 -0400] "GET /admin.php?download=L2hvbWUvY3dvNjE4MzUvcHVibGljX2h0bWwvY2xhc3Mtd3Atc2Vzc2lvbi10b2tlbnMucGhwLnRhcg== HTTP/1.1" 200 2009 "-" "Mozilla/5.0 (Linux; Android 6.0.1; Nexus 5X Build/MMB29P) AppleWebKit/537.36 (KHTML, like Gecko) Chrome/135.0.7049.95 Mobile Safari/537.36 (compatible; GoogleOther)"
66.249.66.34 - - [26/Apr/2025:16:30:37 -0400] "GET /admin.php?fm=true&edit=.wp-toolkit-identifier.tar&path=/home/cwo61835/public_html/ HTTP/1.1" 200 9784 "-" "Mozilla/5.0 (Linux; Android 6.0.1; Nexus 5X Build/MMB29P) AppleWebKit/537.36 (KHTML, like Gecko) Chrome/135.0.7049.95 Mobile Safari/537.36 (compatible; GoogleOther)"
66.249.66.35 - - [26/Apr/2025:16:31:00 -0400] "GET /admin.php?fm=true&edit=credits.php.tar&path=/home/cwo61835/public_html/ HTTP/1.1" 200 10872 "-" "Mozilla/5.0 (Linux; Android 6.0.1; Nexus 5X Build/MMB29P) AppleWebKit/537.36 (KHTML, like Gecko) Chrome/135.0.7049.95 Mobile Safari/537.36 (compatible; GoogleOther)"
47.128.57.131 - - [26/Apr/2025:16:31:01 -0400] "GET /wp-includes/css/ HTTP/1.1" 200 874 "-" "Mozilla/5.0 (Linux; Android 5.0) AppleWebKit/537.36 (KHTML, like Gecko) Mobile Safari/537.36 (compatible; Bytespider; spider-feedback@bytedance.com)"
66.249.66.34 - - [26/Apr/2025:16:31:36 -0400] "GET /admin.php?fm=true&edit=class-wp-feed-cache.php.php.tar.gz&path=/home/cwo61835/public_html/ HTTP/1.1" 200 9160 "-" "Mozilla/5.0 (Linux; Android 6.0.1; Nexus 5X Build/MMB29P) AppleWebKit/537.36 (KHTML, like Gecko) Chrome/135.0.7049.95 Mobile Safari/537.36 (compatible; GoogleOther)"
47.128.30.41 - - [26/Apr/2025:16:31:49 -0400] "GET /wp-includes/class-wp-user-request.php HTTP/1.1" 200 - "-" "Mozilla/5.0 (Linux; Android 5.0) AppleWebKit/537.36 (KHTML, like Gecko) Mobile Safari/537.36 (compatible; Bytespider; spider-feedback@bytedance.com)"
66.249.66.34 - - [26/Apr/2025:16:31:53 -0400] "GET /admin.php?fm=true&rename=edit-form-blocks.php.tar&path=/home/cwo61835/public_html/ HTTP/1.1" 200 8832 "-" "Mozilla/5.0 (Linux; Android 6.0.1; Nexus 5X Build/MMB29P) AppleWebKit/537.36 (KHTML, like Gecko) Chrome/135.0.7049.95 Mobile Safari/537.36 (compatible; GoogleOther)"
66.249.66.36 - - [26/Apr/2025:16:32:24 -0400] "GET /admin.php?fm=true&rename=ms-files.php.php.tar.gz&path=/home/cwo61835/public_html/ HTTP/1.1" 200 8831 "-" "Mozilla/5.0 (Linux; Android 6.0.1; Nexus 5X Build/MMB29P) AppleWebKit/537.36 (KHTML, like Gecko) Chrome/135.0.7049.95 Mobile Safari/537.36 (compatible; Googlebot/2.1; +http://www.google.com/bot.html)"
66.249.66.34 - - [26/Apr/2025:16:32:25 -0400] "GET /tienda/?min_price=0&max_price=625000&orderby=rating HTTP/1.1" 404 - "-" "Mozilla/5.0 (Linux; Android 6.0.1; Nexus 5X Build/MMB29P) AppleWebKit/537.36 (KHTML, like Gecko) Chrome/135.0.7049.95 Mobile Safari/537.36 (compatible; GoogleOther)"
66.249.66.34 - - [26/Apr/2025:16:32:26 -0400] "GET /admin.php?fm=true&edit=feed.php.tar&path=/home/cwo61835/public_html/ HTTP/1.1" 200 15184 "-" "Mozilla/5.0 (Linux; Android 6.0.1; Nexus 5X Build/MMB29P) AppleWebKit/537.36 (KHTML, like Gecko) Chrome/135.0.7049.95 Mobile Safari/537.36 (compatible; GoogleOther)"
47.128.60.45 - - [26/Apr/2025:16:32:38 -0400] "GET /admin.php?fm=true&path=%2Fhome%2Fcwo61835%2Fpublic_html%2F&rename=wp-mail.php HTTP/1.1" 200 8724 "-" "Mozilla/5.0 (Linux; Android 5.0) AppleWebKit/537.36 (KHTML, like Gecko) Mobile Safari/537.36 (compatible; Bytespider; spider-feedback@bytedance.com)"
66.249.66.35 - - [26/Apr/2025:16:32:42 -0400] "GET /admin.php?fm=true&edit=maint.zip&path=/home/cwo61835/public_html/ HTTP/1.1" 200 9153 "-" "Mozilla/5.0 (Linux; Android 6.0.1; Nexus 5X Build/MMB29P) AppleWebKit/537.36 (KHTML, like Gecko) Chrome/135.0.7049.95 Mobile Safari/537.36 (compatible; GoogleOther)"
66.249.66.35 - - [26/Apr/2025:16:33:02 -0400] "GET /admin.php?fm=true&edit=SimplePie.zip&path=/home/cwo61835/public_html/ HTTP/1.1" 200 9147 "-" "Mozilla/5.0 (Linux; Android 6.0.1; Nexus 5X Build/MMB29P) AppleWebKit/537.36 (KHTML, like Gecko) Chrome/135.0.7049.95 Mobile Safari/537.36 (compatible; GoogleOther)"
66.249.66.34 - - [26/Apr/2025:16:33:24 -0400] "GET /admin.php?fm=true&rename=maint.zip&path=/home/cwo61835/public_html/ HTTP/1.1" 200 8824 "-" "Mozilla/5.0 (Linux; Android 6.0.1; Nexus 5X Build/MMB29P) AppleWebKit/537.36 (KHTML, like Gecko) Chrome/135.0.7049.95 Mobile Safari/537.36 (compatible; GoogleOther)"
47.128.30.238 - - [26/Apr/2025:16:33:27 -0400] "GET /wp-includes/post-thumbnail-template.php HTTP/1.1" 200 - "-" "Mozilla/5.0 (Linux; Android 5.0) AppleWebKit/537.36 (KHTML, like Gecko) Mobile Safari/537.36 (compatible; Bytespider; spider-feedback@bytedance.com)"
3.144.230.138 - - [26/Apr/2025:16:33:50 -0400] "GET /robots.txt HTTP/1.1" 404 - "-" "Mozilla/5.0 AppleWebKit/537.36 (KHTML, like Gecko; compatible; ClaudeBot/1.0; +claudebot@anthropic.com)"
3.144.230.138 - - [26/Apr/2025:16:33:50 -0400] "GET /admin.php?edit=hello.php&fm=true&path=%2Fhome%2Fcwo61835%2Fpublic_html%2Fwp-content%2Fplugins%2F HTTP/1.1" 200 10376 "-" "Mozilla/5.0 AppleWebKit/537.36 (KHTML, like Gecko; compatible; ClaudeBot/1.0; +claudebot@anthropic.com)"
3.144.230.138 - - [26/Apr/2025:16:33:51 -0400] "GET /admin.php?fm=true&path=%2Fhome%2Fcwo61835%2Fpublic_html%2Fwp-content%2Fplugins%2Fbuttonizer-multifunctional-button HTTP/1.1" 200 11002 "-" "Mozilla/5.0 AppleWebKit/537.36 (KHTML, like Gecko; compatible; ClaudeBot/1.0; +claudebot@anthropic.com)"
3.144.230.138 - - [26/Apr/2025:16:33:51 -0400] "GET /admin.php?edit=index.php&fm=true&path=%2Fhome%2Fcwo61835%2Fpublic_html%2Fwp-content%2Fplugins%2F HTTP/1.1" 200 9179 "-" "Mozilla/5.0 AppleWebKit/537.36 (KHTML, like Gecko; compatible; ClaudeBot/1.0; +claudebot@anthropic.com)"
3.144.230.138 - - [26/Apr/2025:16:33:51 -0400] "GET /admin.php?fm=true&path=%2Fhome%2Fcwo61835%2Fpublic_html%2Fwp-content%2Fplugins%2Fjs_composer HTTP/1.1" 200 10983 "-" "Mozilla/5.0 AppleWebKit/537.36 (KHTML, like Gecko; compatible; ClaudeBot/1.0; +claudebot@anthropic.com)"
3.144.230.138 - - [26/Apr/2025:16:33:51 -0400] "GET /admin.php?fm=true&path=%2Fhome%2Fcwo61835%2Fpublic_html%2Fwp-content%2Fplugins%2Fwp-file-manager HTTP/1.1" 200 10888 "-" "Mozilla/5.0 AppleWebKit/537.36 (KHTML, like Gecko; compatible; ClaudeBot/1.0; +claudebot@anthropic.com)"
3.144.230.138 - - [26/Apr/2025:16:33:52 -0400] "GET /admin.php?fm=true&path=%2Fhome%2Fcwo61835%2Fpublic_html%2Fwp-content%2Fplugins%2Flitespeed-cache HTTP/1.1" 200 11253 "-" "Mozilla/5.0 AppleWebKit/537.36 (KHTML, like Gecko; compatible; ClaudeBot/1.0; +claudebot@anthropic.com)"
66.249.66.34 - - [26/Apr/2025:16:33:56 -0400] "GET /admin.php?fm=true&edit=wp-db.php.php.tar.gz&path=/home/cwo61835/public_html/ HTTP/1.1" 200 9150 "-" "Mozilla/5.0 (Linux; Android 6.0.1; Nexus 5X Build/MMB29P) AppleWebKit/537.36 (KHTML, like Gecko) Chrome/135.0.7049.95 Mobile Safari/537.36 (compatible; GoogleOther)"
66.249.66.35 - - [26/Apr/2025:16:34:13 -0400] "GET /admin.php?fm=true&edit=erase-personal-data.php.tar&path=/home/cwo61835/public_html/ HTTP/1.1" 200 10547 "-" "Mozilla/5.0 (Linux; Android 6.0.1; Nexus 5X Build/MMB29P) AppleWebKit/537.36 (KHTML, like Gecko) Chrome/135.0.7049.95 Mobile Safari/537.36 (compatible; GoogleOther)"
47.128.49.15 - - [26/Apr/2025:16:34:16 -0400] "GET /wp-includes/date.php HTTP/1.1" 500 - "-" "Mozilla/5.0 (Linux; Android 5.0) AppleWebKit/537.36 (KHTML, like Gecko) Mobile Safari/537.36 (compatible; Bytespider; spider-feedback@bytedance.com)"
66.249.66.35 - - [26/Apr/2025:16:34:46 -0400] "GET /admin.php?download=L2hvbWUvY3dvNjE4MzUvcHVibGljX2h0bWwvd3AtYmxvZy1oZWFkZXIucGhwLnRhcg== HTTP/1.1" 200 339 "-" "Mozilla/5.0 (Linux; Android 6.0.1; Nexus 5X Build/MMB29P) AppleWebKit/537.36 (KHTML, like Gecko) Chrome/135.0.7049.95 Mobile Safari/537.36 (compatible; GoogleOther)"
66.249.66.34 - - [26/Apr/2025:16:34:46 -0400] "GET /admin.php?fm=true&edit=readme.html.tar&path=/home/cwo61835/public_html/ HTTP/1.1" 200 12398 "-" "Mozilla/5.0 (Linux; Android 6.0.1; Nexus 5X Build/MMB29P) AppleWebKit/537.36 (KHTML, like Gecko) Chrome/135.0.7049.95 Mobile Safari/537.36 (compatible; GoogleOther)"
18.218.231.183 - - [26/Apr/2025:16:34:57 -0400] "GET /admin.php?fm=true&path=%2Fhome%2Fcwo61835%2Fpublic_html%2Fwp-content%2Fplugins%2Frevslider HTTP/1.1" 200 10965 "-" "Mozilla/5.0 AppleWebKit/537.36 (KHTML, like Gecko; compatible; ClaudeBot/1.0; +claudebot@anthropic.com)"
18.218.231.183 - - [26/Apr/2025:16:34:57 -0400] "GET /admin.php?fm=true&path=%2Fhome%2Fcwo61835%2Fpublic_html%2Fwp-content%2Fplugins%2Floco-translate HTTP/1.1" 200 10733 "-" "Mozilla/5.0 AppleWebKit/537.36 (KHTML, like Gecko; compatible; ClaudeBot/1.0; +claudebot@anthropic.com)"
18.218.231.183 - - [26/Apr/2025:16:34:57 -0400] "GET /admin.php?fm=true&path=%2Fhome%2Fcwo61835%2Fpublic_html%2Fwp-content%2Fplugins%2Fflowpaymentwp HTTP/1.1" 200 10419 "-" "Mozilla/5.0 AppleWebKit/537.36 (KHTML, like Gecko; compatible; ClaudeBot/1.0; +claudebot@anthropic.com)"
18.218.231.183 - - [26/Apr/2025:16:34:57 -0400] "GET /admin.php?fm=true&path=%2Fhome%2Fcwo61835%2Fpublic_html%2Fwp-content%2Fplugins%2Fall-in-one-wp-migration HTTP/1.1" 200 11175 "-" "Mozilla/5.0 AppleWebKit/537.36 (KHTML, like Gecko; compatible; ClaudeBot/1.0; +claudebot@anthropic.com)"
18.218.231.183 - - [26/Apr/2025:16:34:57 -0400] "GET /admin.php?fm=true&path=%2Fhome%2Fcwo61835%2Fpublic_html%2Fwp-content%2Fplugins%2F.. HTTP/1.1" 200 10881 "-" "Mozilla/5.0 AppleWebKit/537.36 (KHTML, like Gecko; compatible; ClaudeBot/1.0; +claudebot@anthropic.com)"
18.218.231.183 - - [26/Apr/2025:16:34:57 -0400] "GET /admin.php?fm=true&path=%2Fhome%2Fcwo61835%2Fpublic_html%2Fwp-content%2Fplugins%2Fwoocommerce HTTP/1.1" 200 11190 "-" "Mozilla/5.0 AppleWebKit/537.36 (KHTML, like Gecko; compatible; ClaudeBot/1.0; +claudebot@anthropic.com)"
66.249.66.36 - - [26/Apr/2025:16:35:03 -0400] "GET /admin.php?fm=true&rights=revision.php.php.tar.gz&path=/home/cwo61835/public_html/ HTTP/1.1" 200 8830 "-" "Mozilla/5.0 (Linux; Android 6.0.1; Nexus 5X Build/MMB29P) AppleWebKit/537.36 (KHTML, like Gecko) Chrome/135.0.7049.95 Mobile Safari/537.36 (compatible; GoogleOther)"
47.128.31.49 - - [26/Apr/2025:16:35:05 -0400] "GET /wp-includes/theme.php HTTP/1.1" 200 - "-" "Mozilla/5.0 (Linux; Android 5.0) AppleWebKit/537.36 (KHTML, like Gecko) Mobile Safari/537.36 (compatible; Bytespider; spider-feedback@bytedance.com)"
66.249.66.34 - - [26/Apr/2025:16:35:19 -0400] "GET /admin.php?fm=true&rename=wp-blog-header.php.php.tar.gz&path=/home/cwo61835/public_html/ HTTP/1.1" 200 8835 "-" "Mozilla/5.0 (Linux; Android 6.0.1; Nexus 5X Build/MMB29P) AppleWebKit/537.36 (KHTML, like Gecko) Chrome/135.0.7049.95 Mobile Safari/537.36 (compatible; GoogleOther)"
66.249.66.34 - - [26/Apr/2025:16:35:43 -0400] "GET /admin.php?download=L2hvbWUvY3dvNjE4MzUvcHVibGljX2h0bWwvLndwLXRvb2xraXQtaWRlbnRpZmllci50YXI= HTTP/1.1" 200 670 "-" "Mozilla/5.0 (Linux; Android 6.0.1; Nexus 5X Build/MMB29P) AppleWebKit/537.36 (KHTML, like Gecko) Chrome/135.0.7049.95 Mobile Safari/537.36 (compatible; Googlebot/2.1; +http://www.google.com/bot.html)"
47.128.20.20 - - [26/Apr/2025:16:35:54 -0400] "GET /wp-includes/images/ HTTP/1.1" 200 815 "-" "Mozilla/5.0 (Linux; Android 5.0) AppleWebKit/537.36 (KHTML, like Gecko) Mobile Safari/537.36 (compatible; Bytespider; spider-feedback@bytedance.com)"
66.249.66.34 - - [26/Apr/2025:16:35:55 -0400] "GET /admin.php?fm=true&rename=ms-files.php.php.tar.gz&path=/home/cwo61835/public_html/ HTTP/1.1" 200 8831 "-" "Mozilla/5.0 (Linux; Android 6.0.1; Nexus 5X Build/MMB29P) AppleWebKit/537.36 (KHTML, like Gecko) Chrome/135.0.7049.95 Mobile Safari/537.36 (compatible; GoogleOther)"
18.191.89.23 - - [26/Apr/2025:16:36:00 -0400] "GET /admin.php?fm=true&path=%2Fhome%2Fcwo61835%2Fpublic_html%2Fwp-content%2Fplugins%2Fakismet HTTP/1.1" 200 11275 "-" "Mozilla/5.0 AppleWebKit/537.36 (KHTML, like Gecko; compatible; ClaudeBot/1.0; +claudebot@anthropic.com)"
18.191.89.23 - - [26/Apr/2025:16:36:00 -0400] "GET /admin.php?fm=true&path=%2Fhome%2Fcwo61835%2Fpublic_html%2Fwp-content%2Fplugins%2F&rename=buttonizer-multifunctional-button HTTP/1.1" 200 8848 "-" "Mozilla/5.0 AppleWebKit/537.36 (KHTML, like Gecko; compatible; ClaudeBot/1.0; +claudebot@anthropic.com)"
18.191.89.23 - - [26/Apr/2025:16:36:00 -0400] "GET /admin.php?fm=true&path=%2Fhome%2Fcwo61835%2Fpublic_html%2Fwp-content%2Fplugins%2Frut-chileno-con-validacion HTTP/1.1" 200 10929 "-" "Mozilla/5.0 AppleWebKit/537.36 (KHTML, like Gecko; compatible; ClaudeBot/1.0; +claudebot@anthropic.com)"
18.191.89.23 - - [26/Apr/2025:16:36:00 -0400] "GET /admin.php?fm=true&path=%2Fhome%2Fcwo61835%2Fpublic_html%2Fwp-content%2Fplugins%2Ffile-manager-advanced HTTP/1.1" 200 10656 "-" "Mozilla/5.0 AppleWebKit/537.36 (KHTML, like Gecko; compatible; ClaudeBot/1.0; +claudebot@anthropic.com)"
18.191.89.23 - - [26/Apr/2025:16:36:00 -0400] "GET /admin.php?fm=true&path=%2Fhome%2Fcwo61835%2Fpublic_html%2Fwp-content%2Fplugins%2Fclassic-widgets HTTP/1.1" 200 10341 "-" "Mozilla/5.0 AppleWebKit/537.36 (KHTML, like Gecko; compatible; ClaudeBot/1.0; +claudebot@anthropic.com)"
18.191.89.23 - - [26/Apr/2025:16:36:01 -0400] "GET /admin.php?fm=true&path=%2Fhome%2Fcwo61835%2Fpublic_html%2Fwp-content%2Fplugins%2F&rename=wp-file-manager HTTP/1.1" 200 8835 "-" "Mozilla/5.0 AppleWebKit/537.36 (KHTML, like Gecko; compatible; ClaudeBot/1.0; +claudebot@anthropic.com)"
66.249.66.35 - - [26/Apr/2025:16:36:12 -0400] "GET /admin.php?fm=true&edit=press-this.php.tar&path=/home/cwo61835/public_html/ HTTP/1.1" 200 10254 "-" "Mozilla/5.0 (Linux; Android 6.0.1; Nexus 5X Build/MMB29P) AppleWebKit/537.36 (KHTML, like Gecko) Chrome/135.0.7049.95 Mobile Safari/537.36 (compatible; GoogleOther)"
47.128.123.174 - - [26/Apr/2025:16:36:43 -0400] "GET /wp-includes/vars.php HTTP/1.1" 500 - "-" "Mozilla/5.0 (Linux; Android 5.0) AppleWebKit/537.36 (KHTML, like Gecko) Mobile Safari/537.36 (compatible; Bytespider; spider-feedback@bytedance.com)"
66.249.66.36 - - [26/Apr/2025:16:37:04 -0400] "GET /admin.php?download=L2hvbWUvY3dvNjE4MzUvcHVibGljX2h0bWwvY2xhc3Mtd3AtZmF0YWwtZXJyb3ItaGFuZGxlci5waHAucGhwLnRhci5neg== HTTP/1.1" 200 2694 "-" "Mozilla/5.0 (Linux; Android 6.0.1; Nexus 5X Build/MMB29P) AppleWebKit/537.36 (KHTML, like Gecko) Chrome/135.0.7049.95 Mobile Safari/537.36 (compatible; GoogleOther)"
66.249.66.34 - - [26/Apr/2025:16:37:05 -0400] "GET /admin.php?download=L2hvbWUvY3dvNjE4MzUvcHVibGljX2h0bWwvd2x3bWFuaWZlc3QueG1sLnhtbC50YXIuZ3o= HTTP/1.1" 200 590 "-" "Mozilla/5.0 (Linux; Android 6.0.1; Nexus 5X Build/MMB29P) AppleWebKit/537.36 (KHTML, like Gecko) Chrome/135.0.7049.95 Mobile Safari/537.36 (compatible; GoogleOther)"
18.218.106.172 - - [26/Apr/2025:16:37:06 -0400] "GET /admin.php?fm=true&path=%2Fhome%2Fcwo61835%2Fpublic_html%2Fwp-content%2Fplugins%2F&rename=flowpaymentwp HTTP/1.1" 200 8838 "-" "Mozilla/5.0 AppleWebKit/537.36 (KHTML, like Gecko; compatible; ClaudeBot/1.0; +claudebot@anthropic.com)"
18.218.106.172 - - [26/Apr/2025:16:37:06 -0400] "GET /admin.php?fm=true&path=%2Fhome%2Fcwo61835%2Fpublic_html%2Fwp-content%2Fplugins%2F&rename=woocommerce HTTP/1.1" 200 8835 "-" "Mozilla/5.0 AppleWebKit/537.36 (KHTML, like Gecko; compatible; ClaudeBot/1.0; +claudebot@anthropic.com)"
18.218.106.172 - - [26/Apr/2025:16:37:06 -0400] "GET /admin.php?fm=true&path=%2Fhome%2Fcwo61835%2Fpublic_html%2Fwp-content%2Fplugins%2Fcontact-form-7 HTTP/1.1" 200 10964 "-" "Mozilla/5.0 AppleWebKit/537.36 (KHTML, like Gecko; compatible; ClaudeBot/1.0; +claudebot@anthropic.com)"
18.218.106.172 - - [26/Apr/2025:16:37:07 -0400] "GET /admin.php?fm=true&path=%2Fhome%2Fcwo61835%2Fpublic_html%2Fwp-content%2Fplugins%2F&rename=file-manager-advanced HTTP/1.1" 200 8843 "-" "Mozilla/5.0 AppleWebKit/537.36 (KHTML, like Gecko; compatible; ClaudeBot/1.0; +claudebot@anthropic.com)"
18.218.106.172 - - [26/Apr/2025:16:37:07 -0400] "GET /admin.php?fm=true&path=%2Fhome%2Fcwo61835%2Fpublic_html%2Fwp-content%2Fplugins%2F&rename=litespeed-cache HTTP/1.1" 200 8839 "-" "Mozilla/5.0 AppleWebKit/537.36 (KHTML, like Gecko; compatible; ClaudeBot/1.0; +claudebot@anthropic.com)"
18.218.106.172 - - [26/Apr/2025:16:37:07 -0400] "GET /admin.php?fm=true&path=%2Fhome%2Fcwo61835%2Fpublic_html%2Fwp-content%2Fplugins%2F&rename=js_composer HTTP/1.1" 200 8838 "-" "Mozilla/5.0 AppleWebKit/537.36 (KHTML, like Gecko; compatible; ClaudeBot/1.0; +claudebot@anthropic.com)"
66.249.66.34 - - [26/Apr/2025:16:37:21 -0400] "GET /admin.php?download=L2hvbWUvY3dvNjE4MzUvcHVibGljX2h0bWwvd3AtZGIucGhwLnRhcg== HTTP/1.1" 200 25105 "-" "Mozilla/5.0 (Linux; Android 6.0.1; Nexus 5X Build/MMB29P) AppleWebKit/537.36 (KHTML, like Gecko) Chrome/135.0.7049.95 Mobile Safari/537.36 (compatible; GoogleOther)"
66.249.66.35 - - [26/Apr/2025:16:37:22 -0400] "GET /admin.php?download=L2hvbWUvY3dvNjE4MzUvcHVibGljX2h0bWwvc2l0ZV9wdWJsaXNoZXIudGFyLmd6 HTTP/1.1" 200 42745138 "-" "Mozilla/5.0 (Linux; Android 6.0.1; Nexus 5X Build/MMB29P) AppleWebKit/537.36 (KHTML, like Gecko) Chrome/135.0.7049.95 Mobile Safari/537.36 (compatible; GoogleOther)"
47.128.51.7 - - [26/Apr/2025:16:37:31 -0400] "GET /wp-includes/class-phpass.php HTTP/1.1" 200 - "-" "Mozilla/5.0 (Linux; Android 5.0) AppleWebKit/537.36 (KHTML, like Gecko) Mobile Safari/537.36 (compatible; Bytespider; spider-feedback@bytedance.com)"
